te number?
True
Is 428191 a prime number?
False
Is 1368487 a prime number?
True
Is 649 composite?
True
Is 7039 prime?
True
Is 36181 composite?
True
Is 10367 composite?
True
Is 26179 prime?
False
Is 170741 a prime number?
True
Is 465385 composite?
True
Is 11591 a composite number?
True
Is 337 composite?
False
Is 99961 prime?
True
Is 6779 a prime number?
True
Is 13021 prime?
False
Is 158459 a prime number?
False
Is 4223 a composite number?
True
Is 13799 a prime number?
True
Is 3691 composite?
False
Is 17147 composite?
True
Is 144103 a composite number?
False
Is 15 a prime number?
False
Is 2395 a prime number?
False
Is 135101 prime?
True
Is 225881 a prime number?
False
Is 476783 a prime number?
True
Is 201157 a composite number?
True
Is 15859 composite?
False
Is 338407 composite?
False
Is 282851 composite?
False
Is 1709 a prime number?
True
Is 88169 a prime number?
True
Is 432309 prime?
False
Is 3123817 a composite number?
True
Is 148279 prime?
True
Is 50506 a prime number?
False
Is 183779 prime?
False
Is 45659 prime?
True
Is 182543 prime?
False
Is 7661 a composite number?
True
Is 505163 composite?
True
Is 14369 a prime number?
True
Is 199889 composite?
False
Is 286849 prime?
False
Is 33431 prime?
False
Is 68033 a prime number?
False
Is 239817 prime?
False
Is 156539 composite?
False
Is 16273 a composite number?
False
Is 5327 prime?
False
Is 88117 prime?
True
Is 46841 composite?
True
Is 397798 prime?
False
Is 1774769 composite?
False
Is 159539 composite?
False
Is 2777 prime?
True
Is 101077 a prime number?
False
Is 66013 a composite number?
True
Is 1223 composite?
False
Is 83513 a composite number?
True
Is 34123 composite?
False
Is 849757 composite?
True
Is 8903 a prime number?
False
Is 137659 a composite number?
False
Is 14614 composite?
True
Is 3949 a composite number?
True
Is 79613 composite?
False
Is 519671 prime?
False
Is 24643 a composite number?
True
Is 929549 a composite number?
False
Is 3817 a prime number?
False
Is 776429 composite?
False
Is 552497 composite?
True
Is 1216717 a prime number?
True
Is 879581 composite?
False
Is 917349 composite?
True
Is 10937 a prime number?
True
Is 14933 composite?
True
Is 264977 prime?
True
Is 121139 a prime number?
True
Is 17539 a prime number?
True
Is 47381 composite?
False
Is 583 composite?
True
Is 1157 composite?
True
Is 277483 composite?
False
Is 17539 a composite number?
False
Is 245114 a composite number?
True
Is 6113 prime?
True
Is 825161 prime?
True
Is 11287 prime?
True
Is 601463 a prime number?
False
Is 9818 a composite number?
True
Is 3013 a prime number?
False
Is 181819 composite?
True
Is 372323 composite?
True
Is 205831 a prime number?
False
Is 48487 composite?
False
Is 155599 a composite number?
False
Is 820399 a prime number?
True
Is 14173 a prime number?
True
Is 157627 composite?
False
Is 7237 composite?
False
Is 1481 a prime number?
True
Is 237687 composite?
True
Is 120157 a prime number?
True
Is 1373 a composite number?
False
Is 1732649 composite?
False
Is 4969 prime?
True
Is 34403 composite?
False
Is 2476247 a prime number?
False
Is 415 a composite number?
True
Is 1587197 prime?
True
Is 521 composite?
False
Is 60443 prime?
True
Is 73847 prime?
True
Is 524981 a composite number?
False
Is 36667 prime?
False
Is 362941 prime?
True
Is 229373 prime?
True
Is 3659 a composite number?
False
Is 41461 a composite number?
True
Is 34171 a composite number?
False
Is 93319 a prime number?
True
Is 59941 a prime number?
False
Is 1773869 composite?
False
Is 8147 a prime number?
True
Is 31567 a composite number?
False
Is 1468079 a composite number?
False
Is 690503 a composite number?
True
Is 1513 composite?
True
Is 2669 a prime number?
False
Is 18701 a composite number?
False
Is 138767 composite?
True
Is 3739982 composite?
True
Is 404683 composite?
True
Is 1861 a composite number?
False
Is 561667 a composite number?
False
Is 62515 a prime number?
False
Is 14471 a composite number?
True
Is 775867 a composite number?
True
Is 52489 a prime number?
True
Is 411883 a prime number?
True
Is 13289 a prime number?
False
Is 2243 prime?
True
Is 33265 a prime number?
False
Is 19567 a composite number?
True
Is 12131 composite?
True
Is 27053 a prime number?
False
Is 176317 a prime number?
True
Is 7499 a prime number?
True
Is 552971 composite?
False
Is 9961 prime?
False
Is 79 prime?
True
Is 68165 prime?
False
Is 110767 prime?
False
Is 96961 a prime number?
False
Is 27179 a prime number?
True
Is 1135 a prime number?
False
Is 57867 prime?
False
Is 10723 composite?
False
Is 82883 a prime number?
True
Is 3989 a composite number?
False
Is 145433 a composite number?
False
Is 77929 a prime number?
True
Is 37097 prime?
True
Is 91837 a composite number?
False
Is 101131 composite?
True
Is 36973 prime?
True
Is 32321 prime?
True
Is 2408603 composite?
False
Is 314213 prime?
True
Is 28955 prime?
False
Is 102766 composite?
True
Is 100001 a composite number?
True
Is 839 a composite number?
False
Is 18931 a prime number?
False
Is 104231 composite?
False
Is 151091 composite?
False
Is 2033 composite?
True
Is 375621 a composite number?
True
Is 1265765 prime?
False
Is 10559 prime?
True
Is 5145311 composite?
False
Is 64291 prime?
False
Is 333961 a prime number?
False
Is 33591 prime?
False
Is 25879 composite?
True
Is 333017 a composite number?
True
Is 190889 composite?
False
Is 1363 prime?
False
Is 7907 a prime number?
True
Is 1474881 prime?
False
Is 94291 prime?
True
Is 2441 prime?
True
Is 173969 composite?
False
Is 266543 composite?
True
Is 11027 a composite number?
False
Is 39279 a composite number?
True
Is 119582 prime?
False
Is 35609 prime?
False
Is 198701 composite?
False
Is 16357 prime?
False
Is 1030681 a prime number?
True
Is 96377 prime?
True
Is 5303 a prime number?
True
Is 78635 a composite number?
True
Is 78691 composite?
False
Is 972247 a composite number?
True
Is 60245 a composite number?
True
Is 242087 prime?
False
Is 14621 a prime number?
True
Is 35762 prime?
False
Is 5773 composite?
True
Is 10555 composite?
True
Is 25199 a composite number?
True
Is 526931 a composite number?
False
Is 491819 composite?
False
Is 324055 composite?
True
Is 72671 a composite number?
False
Is 618173 prime?
True
Is 44189 a composite number?
False
Is 104527 a prime number?
True
Is 73181 prime?
True
Is 29111 composite?
True
Is 39211 composite?
True
Is 421247 a composite number?
True
Is 1069171 a prime number?
True
Is 38287 prime?
True
Is 3809 prime?
False
Is 2333 prime?
True
Is 146177 a composite number?
True
Is 56011 a composite number?
True
Is 21517 composite?
False
Is 51751 a composite number?
True
Is 135302 a prime number?
False
Is 91241 prime?
False
Is 35023 a composite number?
False
Is 7669 a prime number?
True
Is 736357 prime?
True
Is 10529 prime?
True
Is 1651 composite?
True
Is 160253 a prime number?
True
Is 2705 composite?
True
Is 1055671 prime?
True
Is 8887 composite?
False
Is 5039 prime?
True
Is 38273 prime?
True
Is 1369961 composite?
False
Is 18797 a prime number?
True
Is 13267 a composite number?
False
Is 417629 a prime number?
False
Is 22109 composite?
False
Is 331 composite?
False
Is 1041557 prime?
False
Is 11651 a prime number?
False
Is 15727 composite?
False
Is 885623 a prime number?
True
Is 4321 prime?
False
Is 517967 a composite number?
False
Is 6547 prime?
True
Is 30109 a prime number?
True
Is 6619 prime?
True
Is 404242 prime?
False
Is 491039 a composite number?
False
Is 160441 prime?
True
Is 631957 composite?
True
Is 251 a composite number?
False
Is 65537 prime?
True
Is 4817 a prime number?
True
Is 3449 prime?
True
Is 183805 composite?
True
Is 80705 a prime number?
False
Is 97649 a composite number?
False
Is 2251 prime?
True
Is 5878 prime?
False
Is 13781 composite?
False
Is 44261 a composite number?
True
Is 201386 a composite number?
True
Is 42043 a composite number?
False
Is 72829 a composite number?
True
Is 21713 a composite number?
False
Is 5683 prime?
True
Is 28789 prime?
True
Is 397 a prime number?
True
Is 14777 a prime number?
False
Is 15767 prime?
True
Is 2272073 a composite number?
False
Is 232777 a composite number?
False
Is 21531 a composite number?
True
Is 177193 a composite number?
True
Is 99859 a composite number?
False
Is 468229 composite?
True
Is 1151 a prime number?
True
Is 275687 prime?
False
Is 24917 a composit